f -9 + 26 + 4 + 4 + -2?
23
Calculate (17 - 5) + 30 + -37.
5
What is (-6 - ((-12 - (7 - 13)) + 9)) + 21?
12
Calculate 32 + 8 - (3 + (-15 - -7) - -7).
38
Evaluate 12 + (-14 + 7 - -11) + 15 + -11.
20
Calculate -6 + 54 + -36 + -20.
-8
Evaluate 22 + -3 + -2 + (-9 - -5).
13
Evaluate -33 + 14 + 19 + (-6 - (-2 - -4)).
-8
Evaluate -1 + ((0 - 6) + (-22 - -27) - 5).
-7
What is the value of (-47 - -18) + 19 - -4?
-6
What is the value of (11 - -2) + (-175 - -148)?
-14
Calculate -15 + 8 + -3 + -1 + -7 + 5.
-13
Evaluate 1 - -13 - (-58 - -72).
0
Calculate -3 + (-1 - (-3 - -4)) - (3 + -1).
-7
(-3 - 6 - 3) + 6 + 9 + -17
-14
What is (20 - (28 + -15)) + 1 + 0 - 9?
-1
What is 5 + -17 + (-2 + 6 - -3 - 10)?
-15
What is -11 + (-10 - (-16 - (9 - -1))) + 2?
7
Evaluate -31 + (11 - 40) + 59.
-1
What is the value of (-8 - -2) + -8 - (11 + (-2 - 2))?
-21
What is -11 - ((-1 - 14) + -19)?
23
What is the value of -48 + (-10 - -39) - 1?
-20
(47 - 15 - 41) + 1 + -14
-22
0 - (-19 + 15) - 23
-19
What is the value of 2 + 29 + (-21 - -6 - 3)?
13
Evaluate -14 - (1 + -2 - 6) - (-14 + 1).
6
3 - (-10 + 6 - 0 - -9)
-2
Calculate 153 + -157 + 0 + 7.
3
Calculate -1 - -1 - (-1 - (-9 + -6 + 20)).
6
Calculate 2 + (7 + -5 - -1) - -3.
8
What is the value of (1790 - 1796) + (0 - 5)?
-11
Evaluate -9 - (-9 - (-1 + -5)) - -14.
8
What is the value of -3 + -64 + 25 - -11?
-31
Evaluate 1 + 1 + (-11 - 2 - (-142 + 128)).
3
What is the value of (7 - (2 - -3)) + -1 + (-16 - 4)?
-19
Evaluate (12 - (17 + -6)) + 10.
11
-3 - (9 + (-15 - 5)) - -10
18
-1 + -2 + -2 + -12 + 24 + -23
-16
What is the value of -3 - (14 + (-21 - -6))?
-2
Evaluate -17 + 21 + -3 + (-17 - 0).
-16
108 + -103 - (14 - -1) - -15
5
What is the value of (-2 - -16) + -7 - 22?
-15
Calculate -67 + 63 + (1 - 3) + 12.
6
Evaluate 16 + 15 + -12 + -2.
17
-200 + 257 - (1 + 14) - 16
26
What is the value of -5 + (-13 - -15) - -2?
-1
What is the value of 26 + (-135 - -117) + (22 - -2)?
32
What is the value of 14 + (21 - 3 - 35)?
-3
(29 - -1) + (-1846 - -1816)
0
What is the value of -7 - (-21 + 1 + (-12 - -7))?
18
Calculate -1 + (-7 + (7 - 3) - -1).
-3
What is the value of -1 + 0 + (-28 - -14 - -5)?
-10
What is -5 + -6 + 9 - (-3 + 0 + -9)?
10
What is the value of -1 - (-42 + 10 + -11 + 9 - -2)?
31
Calculate -13 + (-8 + 11 - 2).
-12
What is -28 + 364 + -359 + 7 + -1?
-17
What is the value of 3 + -3 + 6 + (4 - 21)?
-11
Calculate (11 - 13) + (0 - 8) + 19.
9
Evaluate (305 - 313) + -4 + 3.
-9
Evaluate -6 - 10 - ((0 - -3 - 2) + 7).
-24
0 + 2 + (-13 - -8) + 12
9
What is 7 + -10 - (2 + -16) - (0 + 3)?
8
Evaluate -15 + 8 + (2 - (-3 - -5)).
-7
Evaluate 1 + -22 + 11 - (-19 + -2).
11
What is -9 + (-6 + 16 - 16)?
-15
What is the value of -22 - -7 - (0 + 1)?
-16
Calculate 13 - -8 - 11 - (7 - -2).
1
Calculate (-26 - 34) + 50 + 2 + (-2 - -3).
-7
What is the value of 25 - (16 - (16 + -38))?
-13
(133 - 142) + (9 - 1)
-1
What is the value of (12 + -10 + 3 - -27) + 0 - 11?
21
What is 13 - (-13 + (42 - 10))?
-6
What is the value of 15 - ((1 - (-3 - -8)) + (-8 - -17))?
10
What is 15 - 4 - 15 - (5 - -2)?
-11
-36 - (3 - 2) - (22 + 34 - 67)
-26
Calculate -3 + -12 + (78 - 48).
15
(15 - 12) + 2 + 9 + -12
2
What is the value of -3 + (4 - 0) + -14 - (-6 + 2)?
-9
17 + -12 + -2 - -5
8
What is 8 - (10 - ((8 - 4) + -15))?
-13
What is the value of (-5 - (-2 + -4)) + -8 - -10?
3
Calculate -10 + 17 + (-6 - 2) + -11.
-12
Calculate (25 - 20) + 17 - 51.
-29
What is 7 + -9 - (-8 + (4 - -10))?
-8
What is the value of 8 + -14 - (0 + -1) - 13?
-18
What is the value of 41 - ((18 - 37) + 29)?
31
Calculate (-7 - (4 - 0)) + (-1 - 11) + 11.
-12
Evaluate (-17 - 3) + (-5 - -17).
-8
-17 - (3 + (19 - (10 - 6)))
-35
What is 14 - (-5 - -11) - (-6 - -9) - 0?
5
What is the value of 24 + -7 + -11 - (21 + 2)?
-17
Calculate -12 - (3 - -15 - 35).
5
What is the value of 0 + -4 + 1 + 2 + (14 - 28)?
-15
Evaluate -11 + 5 - -4 - -1 - (-10 + 7).
2
Evaluate (5 - (3 + 3 - 4)) + 4.
7
Evaluate -6 + 0 - (37 + -20 - 17).
-6
Calculate (0 - (-1 - -5)) + (-7 - (-18 + 12)).
-5
Calculate (-8 + (6 - 2) - (17 + -13)) + -16.
-24
12 + 11 + -17 - 7
-1
-19 + 17 + 7 + -15 + 3 + -4
-11
What is the value of 8 - (-2 - (5 - (13 + -9)))?
11
What is -4 + 10 - (-1 + 14) - -18?
11
6 - (-1 + (1 - -7) - -10)
-11
Evaluate (-18 - (-21 + (23 - 22))) + -1 + -3.
-2
What is the value of (6 - -16 - 8) + 4?
18
1 + -7 + 1 + (-3 - 4) + 3
-9
-19 + 25 - 10 - 15
-19
Calculate -27 + (33 - 9 - 3).
-6
Evaluate -3 + -5 + 12 - -7 - -10.
21
-12 + 40 - (11 - (-2 + 1))
16
43 + -25 + (38 - 38)
18
(1 + 4 - (17 - 14) - -43) + -3
42
Evaluate -9 + 2 - (-25 + 8 + 1).
9
What is the value of -1 + (-14 - -6 - 1 - (-13 - -6))?
-3
What is (-6 - (-13 - -8)) + (-10 - -2)?
-9
Calculate (-1 - -1) + (-37 - -38).
1
What is the value of -21 + -1 - 9 - -12?
-19
Evaluate (1 - (15 - 4) - -14) + 3.
7
5 + 6 + 1 + -13 + (-16 - -2)
-15
What is the value of (-8 - (6 + 9 + -4)) + -1 + 2?
-18
What is the value of -12 + (-3 - (-15 + 8))?
-8
What is the value of 0 + 3 + -36 - (-10 + 17 + -17)?
-23
Evaluate (-4 - (-3 + -8)) + 6.
13
(-13 - (-69 - (-12 - 2))) + -14
28
Calculate -2 + 43 + -5 - (0 - -4 - -2).
30
What is the value of -19 - (-11 - 0) - (-1 + (1 - -3))?
-11
15 - (5 + (1 - -1 - 6) + 4)
10
Calculate -17 + 6 + -16 + (-4 - -3) + 5.
-23
-6 + 3 + (-7 - (-9 + 6)) + 2
-5
Evaluate 13 + 13 + -15 + -5.
6
What is -13 - (-22 + -5 + 13)?
1
What is the value of 2 - 1 - (20 - (13 + 12))?
6
31 - (34 - (2 - -18))
17
What is the value of -8 - 0 - (10 - 2 - (-35 + 44))?
-7
Evaluate (-15 - (0 + -5)) + 14.
4
What is the value of -3 + (29 + -5 - (28 - 12))?
5
Calculate -10 + 5 + 5 + -5 + 4 + 16.
15
Evaluate 27 - (10 - 2) - 10 - 10 - -2.
1
What is (11 - (-15 + (6 - -3))) + 7?
24
Evaluate -10 - -2 - (14 - 12).
-10
Calculate 0 - 8 - (-15 - 15) - (4 + 3).
15
-65 + 71 + (-13 - 2) + (-1 - -28)
18
Calculate -76 + 21 - -43 - (-14 - 1).
3
6 - -25 - (15 - (2 - -11))
29
Calculate 5 + -2 - (-33 + 9 + 20).
7
What is -5 + -2 + -1 + 12 + -8 - -22?
18
-1 - ((11 - 7) + 6 + -13)
2
What is the value of 29 + -13 + 9 + -48?
-23
Evaluate -4 + 7 + 18 + -19.
2
Evaluate (8 - -11) + 3 + -16.
6
Evaluate -10 + -24 + (3 - -2).
-29
What is the value of 4 - 42 - (-62 - -41)?
-17
3 + 0 + 1 - (-23 + 33)
-6
What is (5 - 3) + (38 - 44) - -14?
10
Calculate -6 + -1 + 11 + -14 + 0.
-10
(3 - -10) + -2 + -4 - 19
-12
What is 1 + 16 + (-16 - (-13 + 6))?
8
What is the value of -15 - -4 - -4 - (0 + 13 + -9)?
-11
988 - 1011 - (2 - (2 - -14))
-9
Calculate 9 + (-5 - 0 - (-15 - -16)) + 5.
8
What is the value of (5 - (7 + 4)) + (1 - 11)?
-16
What is the value of 2 - (17 - 8) - -13 - -2?
8
Evaluate (5 - (-29 + 64)) + 11.
-19
Evaluate -8 - (10 + -3 - 5).
-10
What is the value of 9 - 3 - (8 + 0 - 8)?
6
2 - (-9 + -10 + 9 + (7 - 0))
5
What is the value of -3 - (5 + 4) - (-45 + 55)?
-22
What is the value of 20 + (0 - (4 - 4)) + (-1 - 2)?
17
Calculate -3 + 7 + -46 + 15.
-27
What is 1 + (-5 - -5) + -9 - (1 + -22)?
13
Evaluate -20 + 35 + (-36 - -16) + 12.
7
Evaluate 6 + (28 - 1) + -14.
19
Evaluate -3 - 3 - ((9 - 1) + 187 + -188).
-13
What is the value of 2 + 6 - (-22 + -3 + 22)?
11
Calculate (6 + 2 - 2) + -9 - 2.
-5
Calculate -6 - (-17 + 12 + -11).
10
What is the value of 0 + 1 + 0 + 2212 + -2228?
-15
Evaluate (8 - (-2 + -1) - (10 - -8)) + -13.
-20
What is the value of -25 - (2 - 20) - -24?
17
Evaluate -2 + (-2 - 2) - (41 + -99 + 66).
-14
-6 - (-2 + 7 + 2 + -1 + -5)
-7
What is 21 + (-9 - (-19 - -15))?
16
Evaluate 6 + -5 + -10 + 12 - 1.
2
What is the value of (-512 - -523) + -11 + 0?
0
Calculate (59 - 37) + (1 + -7 - -4).
20
Evaluate (-123 - -115) + 6 + 1 - (-6 + 1).
4
-957 - -953 - (-2 - -30)
-32
What is the value of 2 - (-10 - (5 + -6)) - 26?
-15
(5 - 0 - (24 - 24)) + 15
20
What is the value of -8 - 1 - (-4 + -11 + 4)?
2
What is -1 - -1 - (-6 + -10 + 9 - -2)?
5
Evaluate -13 - (5 + -10) - (-5 - (-4 - 1)).
-8
What is the value of 18 + (-4 - 21) + 36?
29
What is the value of (0 - (30 + -16)) + 0 + 5?
-9
Evaluate 6 + -1 + (-4 - -2 - -3) + -7.
-1
What is the value of -4 - (-18 - -12) - -13?
15
Evaluate 3 - (-7 + (25 - -8 - 3) + 2).
-22
166 + -161 - ((-2 - (-1 - 2)) + -9)
13
What is the value of -65 + (-15 - -52 - 2)?
-30
Calculate (2 - 2) + (-24 - (-3 + -19)).
-2
Evaluate -10 + 15 - 1 - (18 - 0).
-14
Calculate -1 - (5 + 20 + -17).
-9
Evaluate -4 + -10 + 2 + 1 + 2 + -